- 4. Determine c(16).
28
Let w(a) = -a - 4. What is w(-3)?
-1
Let p(o) = -o**3 + 2*o**2 - o - 7. Determine p(2).
-9
Let d(k) = 3*k - 8. Determine d(-6).
-26
Let d(z) = 2*z - 19. Give d(10).
1
Let m(y) = 7*y + 31. Give m(9).
94
Let a(r) = -2*r - 14. What is a(0)?
-14
Let w(l) = -15*l**3 - l**2 + l + 1. Determine w(-1).
14
Let j(l) = -9*l + 63. What is j(8)?
-9
Let n(d) = -d**2 - 9*d - 11. What is n(-10)?
-21
Let n(g) = g**2 + g - 23. What is n(0)?
-23
Let b(k) = 12*k + 19. Give b(-15).
-161
Let v(l) = -2*l**3 - 11*l**2 - 3*l - 6. What is v(-6)?
48
Let l(g) = g**3 - g**2 - 3*g - 1. What is l(4)?
35
Let r(v) = -2*v**2 - 6. Give r(-4).
-38
Let w(c) = 20*c - 18. Determine w(6).
102
Let h(d) = -d**3 - 12*d**2 + 13*d + 3. Determine h(-13).
3
Let b(f) = -16*f**3 + f. Calculate b(1).
-15
Let b(i) = -3*i**3 + 8*i + 12. What is b(-2)?
20
Let g(m) = -8*m + 146. Calculate g(18).
2
Let i(v) = -2*v**2 - 6*v + 8. Give i(-4).
0
Let d(l) = -l**3 - 12*l**2 - 5*l - 10. Determine d(-12).
50
Let l(u) = -3*u - 27. Give l(-9).
0
Let y(b) = -b**3 - 8*b**2 + 10*b + 3. Give y(-9).
-6
Let s(m) = -m**3 + 6*m**2 + 11*m + 2. Calculate s(8).
-38
Let a(c) = -3*c - 8. Give a(-7).
13
Let k(w) = -7*w**2 - 21*w + 9. Give k(-3).
9
Let l(q) = 2*q**2 - 31*q - 129. Determine l(-4).
27
Let g(r) = -5*r + 9. Calculate g(5).
-16
Let i(d) = -d**2 - 6*d + 4. Calculate i(-5).
9
Let q(o) = -67*o + 199. Determine q(3).
-2
Let f(z) = -4*z**2 - 9. What is f(-5)?
-109
Let m(h) = h + 8. What is m(6)?
14
Let y(o) = -5*o + 11. What is y(12)?
-49
Let u(n) = n**2 - 5*n - 9. Give u(-5).
41
Let u(j) = -j**2 - 4*j + 3. What is u(-4)?
3
Let q(i) = -i**3 - 6*i**2 + 2*i + 9. Give q(-7).
44
Let n(z) = -2*z**2 + 10*z + 14. Determine n(6).
2
Let t(u) = -6*u + 10. Give t(2).
-2
Let w(y) = 64*y**3 - 2*y**2 + 4*y - 2. Calculate w(1).
64
Let k(o) = 8*o + 2. Calculate k(-4).
-30
Let d(w) = -3*w - 1. Give d(-2).
5
Let a(u) = -u + 53. Determine a(0).
53
Let y(r) = -r**2 + 8*r - 12. What is y(10)?
-32
Let u(k) = -57*k + 1. What is u(-1)?
58
Let k(x) = x**2 - 6. What is k(6)?
30
Let p(o) = -5*o + 71. What is p(15)?
-4
Let h(m) = m**3 - 20*m**2 + 30*m - 211. Give h(19).
-2
Let y(l) = 2*l**2 - 17. Determine y(7).
81
Let x(c) = -4*c + 14. Calculate x(7).
-14
Let k(t) = -2*t**2 - 25*t - 49. What is k(-9)?
14
Let o(q) = q**2 - 2*q + 73. Determine o(0).
73
Let s(i) = 4*i + 81. What is s(-11)?
37
Let c(k) = k**2 + k - 2. What is c(-2)?
0
Let w(c) = -c**2 + 10*c + 37. Determine w(-10).
-163
Let s(c) = c**3 - 33*c**2 - 71*c + 25. Calculate s(35).
-10
Let m(u) = 19*u - 12. Determine m(6).
102
Let k(x) = -x - 16. Calculate k(-14).
-2
Let k(t) = t**3 + 13*t**2 - t - 15. Determine k(-13).
-2
Let f(a) = 11*a**2 + 21*a - 2. What is f(-2)?
0
Let j(h) = h**3 - 3*h**2 - 8*h + 13. Determine j(4).
-3
Let n(o) = o**3 - 2*o**2 - 20*o + 42. Calculate n(4).
-6
Let f(i) = 34*i**2 + i - 1. Determine f(1).
34
Let q(y) = y**2 - 10*y + 25. Calculate q(6).
1
Let p(j) = -j**2 - 7*j + 300. Determine p(-21).
6
Let p(g) = g - 8. What is p(10)?
2
Let m(j) = j**2 - 21*j + 54. Determine m(13).
-50
Let n(q) = -q**3 + 5*q**2 - 3*q + 17. Give n(4).
21
Let s(p) = -p**3 + 14*p**2 - 25*p + 16. Give s(12).
4
Let n(t) = t**3 - 3*t**2 + 4*t - 3. What is n(2)?
1
Let f(m) = m**3 - 4*m**2 - 7*m + 4. Calculate f(5).
-6
Let h(g) = g**3 - 13*g**2 + 20*g + 10. Determine h(9).
-134
Let j(d) = 7*d**3 - 5*d**2 - 15*d. Determine j(-2).
-46
Let f(l) = -3*l - 62. Give f(-25).
13
Let r(u) = 2*u - 39. What is r(-17)?
-73
Let g(c) = c + 5. Determine g(-8).
-3
Let v(i) = -i**3 + 20*i**2 + i - 22. Give v(20).
-2
Let o(l) = l**3 + 8*l**2 - 2*l - 13. Determine o(-9).
-76
Let x(z) = 28*z + 7. Give x(-1).
-21
Let h(m) = -m**3 + 21*m**2 + 2*m - 54. Calculate h(21).
-12
Let z(s) = -s**3 + 7*s**2 - 8*s + 11. Calculate z(7).
-45
Let i(g) = -41*g + 130. Give i(3).
7
Let w(f) = -5*f**2 + 2*f - 11. What is w(0)?
-11
Let k(z) = -z**2 - z + 1. Determine k(-5).
-19
Let j(w) = w**3 - 9*w**2 - 6. Determine j(9).
-6
Let z(q) = -q**3 + 12*q**2 - 6*q + 6. Calculate z(5).
151
Let f(w) = -w**2 + 4*w - 6. Calculate f(2).
-2
Let z(n) = n**3 - 7*n**2 + n - 8. What is z(7)?
-1
Let n(o) = 4*o - 2. Determine n(4).
14
Let v(d) = -d + 2. What is v(-14)?
16
Let i(b) = 4*b - 9. Give i(5).
11
Let i(z) = z**2 + 18*z + 27. Calculate i(-17).
10
Let u(t) = t - 6. What is u(10)?
4
Let z(w) = w**3 + 8*w**2 - 11*w + 10. What is z(-9)?
28
Let s(c) = -2*c**2 + 146*c - 802. Calculate s(67).
2
Let z(l) = -4*l + 34. Calculate z(7).
6
Let g(z) = z - 11. Give g(25).
14
Let i(p) = 9*p + 13. Calculate i(-8).
-59
Let d(k) = -k**2 - 9*k - 8. Give d(-5).
12
Let m(h) = 2*h**3 - 20*h**2 - 17*h + 9. Calculate m(11).
64
Let q(h) = -h**2 + 8*h + 112. What is q(-7)?
7
Let k(v) = -v**2 - 17*v - 24. Calculate k(-16).
-8
Let w(i) = i - 2. Calculate w(-12).
-14
Let a(p) = 3*p + 55. Determine a(-17).
4
Let o(k) = -k**3 - 14*k**2 - 2*k - 23. Determine o(-14).
5
Let f(y) = y**2 - 2*y - 44. Determine f(-12).
124
Let d(a) = -a**3 + 4*a**2 + 6*a - 6. Determine d(4).
18
Let w(d) = 3*d**2 + 2*d - 7. Determine w(-5).
58
Let p(c) = 2*c**2 + c - 36. What is p(4)?
0
Let i(f) = -11*f - 96. Determine i(-12).
36
Let t(g) = 5*g - 5. What is t(-7)?
-40
Let v(k) = 11*k**2 - 65*k + 1. Give v(6).
7
Let t(b) = -b**2 + 4*b - 12. Determine t(5).
-17
Let k(t) = -t**2 - t + 6. What is k(3)?
-6
Let f(b) = -b - 3. Give f(0).
-3
Let u(i) = 8*i + 55. Give u(16).
183
Let a(v) = -v**3 + 27*v**2 + 29*v - 32. Give a(28).
-4
Let g(o) = -10*o + 25. Calculate g(3).
-5
Let n(p) = 2*p**2 - 9. What is n(-3)?
9
Let j(p) = -p**2 - 8*p - 3. Determine j(-5).
12
Let m(r) = 5*r + 4. Give m(-7).
-31
Let c(u) = -u**3 + 6*u**2 - u. Give c(6).
-6
Let c(p) = -2*p - 18. Calculate c(-3).
-12
Let l(w) = -w**3 + 19*w**2 - w - 9. Calculate l(19).
-28
Let z(w) = -w**2 - 3*w - 3. What is z(-8)?
-43
Let d(r) = 22*r**2 - 11*r - 1. Determine d(2).
65
Let q(w) = -w + 5. Calculate q(1).
4
Let k(d) = -32*d + 75. Calculate k(2).
11
Let a(f) = -f**3 + 7*f**2 - 7*f - 15. Give a(5).
0
Let y(d) = 5*d**3 - 2*d**2 + 2*d - 3. Calculate y(2).
33
Let y(s) = s**3 - 2*s**2 - 2*s + 4. Determine y(1).
1
Let m(o) = 5*o + 6. What is m(-3)?
-9
Let n(d) = -d**3 - 19*d**2 - 10*d + 8. Give n(-19).
198
Let p(j) = j**2 - j - 5. What is p(0)?
-5
Let w(l) = -l**3 + 34*l**2 - 31*l - 67. Calculate w(33).
-1
Let v(p) = p**2 - 14*p - 32. Determine v(16).
0
Let w(a) = -2*a**2 + 3*a + 14. Calculate w(4).
-6
Let w(b) = -b**2 - 3*b - 8. Give w(-7).
-36
Let z(s) = -s**2 - 5*s + 6. What is z(-7)?
-8
Let p(w) = 74*w**2 - 7*w - 2. Give p(-1).
79
Let a(f) = -2*f + 41. Calculate a(17).
7
Let w(f) = -5*f - 225. Give w(-45).
0
Let l(k) = -k**3 - 27*k**2 - 47*k + 35. Give l(-25).
-40
Let q(r) = -7*r + 67. What is q(9)?
4
Let c(m) = -17*m**2 - 3*m + 1. What is c(2)?
-73
Let w(f) = -f**2 + 12*f - 36. Determine w(7).
-1
Let t(b) = -9*b - 116. What is t(-5)?
-71
Let s(u) = -22*u - 41. Give s(-2).
3
Let k(c) = c**3 - 9*c**2 - 11*c - 4. Give k(10).
-14
Let i(f) = 2*f**2 + 18*f + 6. What is i(-8)?
-10
Let a(k) = -k**3 + 42*k**2 - 116*k - 44. What is a(39)?
-5
Let w(l) = l**3 - 9*l**2 - l + 11. What is w(9)?
2
Let a(p) = -p**2 + 4*p + 1. Give a(4).
1
Let k(y) = y**3 + 24*y**2 + 94*y - 20. What is k(-19)?
-1
Let c(d) = -d**2 + 8*d - 15. What is c(7)?
-8
Let m(b) = -b**3 - 10*b**2 - 7*b + 4. Give m(-9).
-14
Let a(l) = -l**2 + 11*l + 26. What is a(13)?
0
Let g(d) = d**3 + 24*d**2 - d - 9. Calculate g(-24).
15
Let g(v) = -v**3 - 9*v**2 - 3*v - 18. Calculate g(-9).
9
Let m(q) = q**2 + 7*q + 3. Give m(-3).
-9
Let c(z) = z**3 - 6*z**2 + 8*z + 15. Determine c(5).
30
Let h(m) = 2*m**2 - 29*m - 63. Give h(16).
-15
Let s(y) = -10*y - 104. Give s(-7).
-34
Let b(s) = s**3 + 6*s**2 + 2*s + 1. Give b(-3).
22
Let r(g) = -45*g + 34. What is r(3)?
-101
Let d(w) = 4*w**3 + 18*w**2 - 36*w - 1. Give d(2).
31
Let l(f) = -f - 4. What is l(-7)?
3
Let u(j) = -j**2 + 32*j - 244. What is u(14)?
8
Let d(g) = -g + 14. Determine d(7).
7
Let z(c) = c**3 - 4*c**2 - 8*c + 3. Give z(5).
-12
Let t(b) = 2*b**2 + 33*b - 10. Give t(-17).
7
Let h(o) = o**3 - 7*o**2 - 5*o + 64. What is h(6)?
-2
Let i(z) = -55*z + 12. Give i(-2).
122
Let k(p) = p - 15. Calculate k(8).
-7
Let p(y) = -y**3 + 6*y**2 - 4*y + 5. Give p(5).
10
Let r(w) = -35*w + 173. Determine r(5).
-2
Let s(v) = -v**3 - 13*